it of y?
6
Suppose -16*t + 44*t - 48580 = 0. What is the thousands digit of t?
1
Suppose -3*s - 2*w + 3 = 0, w = -2*s - 0 + 3. Suppose -5*q - 8 = 2*i - 24, s*q + 9 = 5*i. What is the tens digit of (0 + -5)/(q/(-22))?
5
Let g(n) = 2*n**2 - 22*n. What is the tens digit of g(15)?
2
Let d(n) = 17*n**2 - 33*n - 355. What is the tens digit of d(-16)?
2
Let u(a) = 190*a**3. Let n be u(-1). What is the hundreds digit of -48 - n - (0/2 + 0)?
1
Let v be (-4 - 11)*(-1 + 2). Let n = 7 - v. What is the tens digit of n?
2
Let w = 433 - 223. What is the tens digit of ((-2)/(-7) - 375/w)*-106?
5
Suppose 6*h - 15 = h. Suppose -5 = -3*d - b, 4*d - h*d - 3*b + 15 = 0. What is the units digit of (d - 53)*(1 - 2)?
3
Let v(d) = -d**3 - 3*d**2 + 9. Let u be v(-6). Suppose 0 = -k + u + 177. What is the hundreds digit of k?
2
Suppose -13*n + 8349 = -20199. What is the tens digit of n?
9
Let s(v) = v**2 - 4. Let w be s(0). Let r be w + 3 + (-1 - -2). Suppose r = -8*c + 3*c + 5*k + 170, 0 = -3*c + 4*k + 101. What is the units digit of c?
5
Suppose 0 = v + 4*v. Suppose -5*c - 15 = 0, v = f + c + 2*c - 9. Suppose -h - 5*t = f, -2*t - 6 = -3*h - 5*t. What is the units digit of h?
7
Suppose 7*w = 2630 + 478. What is the tens digit of 1*((-2)/6 + w/9)?
4
Let a = -1126 - -2065. What is the units digit of a?
9
Suppose -10*w + 12*w = -12. What is the units digit of 9/((-45)/(-10)) - w?
8
Let a be 1/((-3)/(-9) - 0). Suppose 165 = 4*t - 5*w, 2*w + 68 + 47 = a*t. Suppose 0 = -2*z + z + t. What is the tens digit of z?
3
Suppose p = 2*p - 5. Suppose -p*z + 120 = -395. What is the hundreds digit of z?
1
Suppose 13 = q + 4*r, 22 = 4*q - 0*q + r. Suppose 0*p + 3*p - 18 = -3*m, -2*m = -q*p + 16. What is the units digit of m?
2
Let y(h) = h**3 + 6*h**2 - 4*h + 21. Let m be y(-7). Suppose -3*w + w + 64 = m. What is the tens digit of w?
3
Suppose 3*y = -o + 8, -1 = -2*o - y + 5. Suppose 0 = 5*n + o*j + 8, 0*n - 5*n + 4 = -j. Suppose n*m + 270 = 5*m. What is the units digit of m?
4
Let l(k) = -111*k - 18. Let t be l(-6). Suppose t = 9*r + 126. What is the units digit of r?
8
Suppose -2*f + 10 + 8 = -2*u, -4*f + 6 = 2*u. Let r be (-7)/(-1) - (-15)/(-5). Suppose 2*o + r = f*o. What is the units digit of o?
2
Let d(f) = f - 7*f**2 - 16*f**3 - 20*f**3 + 35*f**3 + 12. What is the units digit of d(-8)?
8
Suppose 0 = -27*i + 26*i + 29. What is the tens digit of i?
2
Let y(o) = -23*o + 11. What is the units digit of y(-8)?
5
Suppose 0 = -7*t + 2*t + 5445. Let a = t + -669. What is the units digit of 2/8 - a/(-48)?
9
Let n(l) be the third derivative of l**4/24 + 17*l**3/6 - 16*l**2. What is the units digit of n(-7)?
0
Suppose -71 + 3 = -4*n. Suppose -v + n + 33 = 0. What is the tens digit of v?
5
Suppose 0 = -h - 4*j + 2, -5*j + 0*j - 5 = 5*h. What is the tens digit of (h/16*-14)/((-5)/(-260))?
9
Let j be -3 - (-34 - (-12)/4). Let h = j + -30. What is the units digit of (94/(-4))/(1/h)?
7
Let x be (-6)/(-3) + (1 - -1). Suppose 2*o + 18 = 5*a + 6*o, 3*a = 5*o - 4. Suppose 66 = 4*t + a*i, 15 = -x*i + i. What is the tens digit of t?
1
Let a be 4560/(-33) + 4/22. What is the units digit of (a/(-9))/(2/3)?
3
Let r(m) = 18*m + 8. Suppose 0 = 3*n + 4*h - 24, -3*h = -n + 2*n - 8. Let b be r(n). Suppose 3*u - 156 = -4*o, u + u - b = -4*o. What is the units digit of o?
6
Let f(j) = -11*j**2 - 5*j - 10. Let v be f(-4). What is the tens digit of (v + 1)*10/(-30)?
5
Suppose 74 - 14 = 5*j. Suppose 2*g = 5*g - x + 8, g - 3*x = 0. Let q = j - g. What is the tens digit of q?
1
Let k(s) = 37*s**2 + 3*s - 7. What is the units digit of k(4)?
7
Suppose 56 + 35 = -3*r + 5*c, -5*r - 5*c = 165. Let l be (-536)/r - (-3)/(-4). Suppose l = -4*s, o - 54 = s + s. What is the units digit of o?
6
Let x be ((-3)/4)/((-3)/144). Suppose 0 = 5*v - 4*v + 21. Let n = x + v. What is the units digit of n?
5
Let n(k) = k - 8. Let x be n(7). Let c be (-6)/((0 - x) + -3). Suppose c*z = 5*z - 18. What is the units digit of z?
9
Suppose -4*p + 20 = 0, -2*p + 3*p = -f + 2. Let c be 0*((-6)/f - 3). Suppose 0 = -c*x - x + 28. What is the units digit of x?
8
Let w = 269 + 11. Suppose 5*y - w = -0*y. Let c = 86 - y. What is the tens digit of c?
3
Suppose 184*i - 35883 = 157*i. What is the units digit of i?
9
Suppose -79*k + 86*k = 31311. What is the hundreds digit of k?
4
Let c = -5 - 0. What is the tens digit of (-61)/(-1) + (c - -2)?
5
Suppose -4*y = -6*y, -s + 5*y = -417. What is the tens digit of s?
1
Suppose -4*u + 7*u - n - 2284 = 0, -5*n - 2264 = -3*u. What is the tens digit of u?
6
Let p(u) = -5*u**2 + 3*u - 2. Let f(k) = 6*k**2 - 3*k + 1. Let c(w) = -2*f(w) - 3*p(w). Let m be c(5). Let y = -24 + m. What is the tens digit of y?
4
Suppose 14607 = 20*q + 7*q. What is the hundreds digit of q?
5
Let f(d) = 92*d + 50. What is the tens digit of f(3)?
2
Suppose 25 = 4*i - 5*q + 4*q, -3*q - 33 = -5*i. What is the hundreds digit of 722/i + 6/9?
1
Let m be -223*(-3 + 1)/2. Suppose -l = -2, 6*t - m = 3*t - 2*l. What is the units digit of t?
3
Suppose b - 2*b = 165. Let m = -95 - b. What is the units digit of m?
0
Let t = 83 - 78. Let w(g) = 2*g**3 + g**2 + g - 1. Let m be w(1). Suppose -t*h - 9 = -2*h, -m*q + 5*h + 126 = 0. What is the tens digit of q?
3
Let x(f) = 832*f + 12. What is the units digit of x(3)?
8
Let k = -121 + 538. What is the units digit of k?
7
Let i(l) = -2*l**2 + 12*l - 10. Let j be i(10). Let n = -27 - j. What is the units digit of n?
3
Let z = 151 - -57. Suppose -2*v = -370 - z. What is the hundreds digit of v?
2
Let y = 156 - 152. Let z be ((-112)/4)/(0 + 1). Let f = y - z. What is the tens digit of f?
3
Suppose -5*j = -3*i - 26, 3*i = j - 2*i - 14. Let w be (j/6)/(10/30). What is the units digit of (-1)/2*-68 - w?
2
Let o be (-91)/(-14) - 5 - 9/2. What is the tens digit of o - 49/((5/2)/(-5))?
9
Suppose -18*k = -48*k + 13620. What is the units digit of k?
4
Let r(a) = -2*a**3 + 13*a**2 + 5*a - 6. Let j(m) = -2*m**3 + 14*m**2 + 6*m - 5. Let b(k) = 3*j(k) - 4*r(k). What is the units digit of b(7)?
1
Let y(a) = a**2 - 20*a - 15. Let q = 3 - -21. What is the tens digit of y(q)?
8
Let g(y) = y - 28. Let p be g(16). What is the tens digit of 4/24 + (-298)/p?
2
Let q = -3363 - -6260. What is the hundreds digit of q?
8
Let k = 3277 + -837. What is the tens digit of k?
4
Let c = -9 + 9. Suppose 8*w = 5*w - 3*n, c = 4*w - 4*n. Suppose 3*k + 25 = m, -2*m + 60 = -w*k - k. What is the tens digit of m?
3
Suppose 623 + 1562 = 5*g. What is the tens digit of g?
3
Let l(s) = s**2 + 6*s + 23. Let m be l(-6). Suppose -22*v = -m*v + 138. What is the units digit of v?
8
Let n(r) = r**2 - 3*r + 680. What is the hundreds digit of n(0)?
6
Suppose -5*l + 3545 = 5*z, -9*l - 2827 = -4*z - 4*l. What is the units digit of z?
8
Suppose f = 4*f - 2001. Suppose 2*k = 4*v - 3*k - f, -3*k = -5*v + 824. What is the units digit of v?
3
Let h = -6119 - -8722. What is the tens digit of h?
0
Suppose -3*c - 1995 = -666. Let o = -245 - c. What is the tens digit of o?
9
Suppose 10*n - 2865 = 635. What is the tens digit of n?
5
What is the tens digit of ((-3)/9)/(6/1446)*-18?
4
Let h = 53 + -28. Let a = 29 + h. What is the tens digit of a?
5
Suppose -2*n + 0*q - 4*q - 6 = 0, n + 4*q + 13 = 0. Suppose 0 = -n*m + 4*m + 144. What is the tens digit of m?
4
Suppose -25 = 5*l, -j + 5*l + 1117 = 37. What is the hundreds digit of j?
0
What is the tens digit of 41 - -1607 - ((-3)/3 + 1)?
4
What is the units digit of 6/(-21) - (-118200)/42?
4
Let b = -1 - -10. Let l(d) be the first derivative of d**3/3 - 9*d**2/2 + 8*d - 45. What is the units digit of l(b)?
8
Let s be (-4)/(-8)*-2 - -3. Suppose -18 = o + s*o. What is the tens digit of ((-4)/o)/((-4)/(-168))?
2
Suppose 3*h + 5*o = 4*h + 9, -4*o = -5*h - 45. Let j = h - -10. Suppose c = 2*n + 4*c - j, 4*c - 4 = -4*n. What is the units digit of n?
2
Suppose 0*i - 3*i = -21. Suppose 15 = -i*w + 10*w. Suppose -3*h + 0*h = -4*v + 49, -w*h - 55 = -5*v. What is the units digit of v?
6
Let j be (-66)/(-3)*((-9)/(-6) - 1). What is the tens digit of j/((-33)/(-180))*(-1 - -2)?
6
Let m(c) = 4*c**2 + 2*c. Let u be m(-3). Suppose 0 = 2*d - 2*h - 54, -5*d + 3*h + 132 = h. Let f = u - d. What is the units digit of f?
4
Suppose 107 + 49 = 2*x. Suppose 3*t - x = 2*t. What is the tens digit of t?
7
Let p(k) = 3*k - 17. Let h be p(7). What is t